le of 8?
False
Is 40 a factor of 9522760?
True
Is 1704 a factor of 5234549?
False
Is 157 a factor of 1638609?
True
Is 32 a factor of 691466?
False
Is 231900 a multiple of 19?
False
Is 53 a factor of 37581?
False
Is 652420 a multiple of 15?
False
Is 328 a factor of 360386?
False
Is 10 a factor of 302460?
True
Is 134 a factor of 442263?
False
Is 25 a factor of 996986?
False
Is 1649389 a multiple of 41?
True
Is 262 a factor of 482322?
False
Does 9 divide 15372?
True
Is 5515620 a multiple of 244?
True
Is 49 a factor of 37093?
True
Is 1449584 a multiple of 11?
False
Is 8609 a multiple of 52?
False
Is 324 a factor of 281880?
True
Does 25 divide 13716365?
False
Does 13 divide 2147498?
False
Does 904 divide 581201?
False
Is 1155588 a multiple of 567?
False
Is 70 a factor of 718391?
False
Is 7 a factor of 39945?
False
Is 53536 a multiple of 32?
True
Is 27 a factor of 3201225?
False
Is 78199 a multiple of 193?
False
Does 13 divide 1919185?
False
Is 123 a factor of 286959?
True
Does 78 divide 140803?
False
Does 174 divide 530655?
False
Is 110774 a multiple of 21?
False
Is 91 a factor of 60333?
True
Is 4826700 a multiple of 300?
True
Does 137 divide 1493574?
True
Does 11 divide 134046?
True
Is 297792 a multiple of 64?
True
Does 131 divide 10388038?
True
Is 8 a factor of 58313?
False
Is 103 a factor of 194155?
True
Is 927810 a multiple of 30?
True
Does 200 divide 2090051?
False
Is 8 a factor of 729117?
False
Is 149 a factor of 194391?
False
Is 282 a factor of 1442994?
True
Is 773 a factor of 9861161?
True
Is 6 a factor of 45495?
False
Does 821 divide 201966?
True
Does 21 divide 744744?
True
Is 2 a factor of 87839?
False
Does 11 divide 1382385?
False
Is 4838784 a multiple of 192?
True
Is 193 a factor of 872553?
True
Is 32 a factor of 402816?
True
Is 5 a factor of 14099?
False
Does 23 divide 7250?
False
Does 46 divide 8949208?
True
Is 9644276 a multiple of 11?
False
Is 10 a factor of 42380?
True
Is 17 a factor of 1234353?
True
Does 43 divide 185631?
True
Does 20 divide 108642?
False
Is 238139 a multiple of 84?
False
Is 5543266 a multiple of 39?
False
Is 3608180 a multiple of 116?
True
Is 57 a factor of 1218750?
False
Is 327 a factor of 8349705?
False
Is 4811081 a multiple of 10?
False
Is 6 a factor of 593166?
True
Is 16 a factor of 434928?
True
Is 45915 a multiple of 78?
False
Is 41 a factor of 79009?
False
Is 21 a factor of 1161228?
False
Does 41 divide 149914?
False
Is 19050995 a multiple of 25?
False
Is 1242759 a multiple of 217?
True
Does 159 divide 100376?
False
Is 55680 a multiple of 15?
True
Is 317673 a multiple of 66?
False
Is 13 a factor of 537810?
True
Is 207 a factor of 628927?
False
Is 124 a factor of 689936?
True
Does 2 divide 1537?
False
Does 16 divide 1410480?
True
Is 97 a factor of 2588195?
False
Does 6 divide 432118?
False
Is 4 a factor of 35532?
True
Is 155 a factor of 373395?
True
Is 474023 a multiple of 24?
False
Is 1965738 a multiple of 22?
False
Is 2442849 a multiple of 969?
True
Does 43 divide 17587?
True
Is 29369080 a multiple of 130?
True
Is 741124 a multiple of 29?
True
Is 2 a factor of 12338?
True
Does 110 divide 31350?
True
Is 5168493 a multiple of 561?
True
Is 8 a factor of 28472?
True
Is 242 a factor of 389986?
False
Is 7610 even?
True
Is 62410 a multiple of 160?
False
Is 17 a factor of 13472552?
False
Does 1300 divide 6760372?
False
Is 88 a factor of 166848?
True
Is 10 a factor of 4955309?
False
Does 4 divide 555406?
False
Is 207 a factor of 748647?
False
Is 84 a factor of 52038?
False
Is 75328 a multiple of 32?
True
Is 12422166 a multiple of 151?
True
Is 706 a factor of 2910511?
False
Is 4 a factor of 867?
False
Is 8382196 a multiple of 346?
True
Is 43 a factor of 364465?
False
Does 97 divide 546692?
True
Is 417282 a multiple of 22?
False
Does 180 divide 415643?
False
Does 60 divide 3773280?
True
Does 13 divide 857675?
True
Is 189672 a multiple of 7?
True
Is 310223 a multiple of 41?
False
Is 1615931 a multiple of 11?
False
Is 246838 a multiple of 13?
False
Is 35586 a multiple of 131?
False
Is 13 a factor of 1188421?
True
Is 40 a factor of 847243?
False
Is 45 a factor of 1668271?
False
Is 55944 a multiple of 8?
True
Is 6541 even?
False
Is 10 a factor of 772016?
False
Does 592 divide 1634999?
False
Does 41 divide 208116?
True
Is 552483 a multiple of 51?
True
Does 80 divide 603040?
True
Is 9 a factor of 73322?
False
Does 183 divide 114009?
True
Is 87808 a multiple of 22?
False
Is 267551 a multiple of 99?
False
Is 351 a factor of 185328?
True
Is 99 a factor of 23272?
False
Is 90 a factor of 6726650?
False
Is 49504 a multiple of 728?
True
Is 44 a factor of 1173436?
True
Is 419 a factor of 5467831?
False
Is 366 a factor of 1112640?
True
Is 2 a factor of 38420?
True
Is 35 a factor of 11113095?
True
Is 1071 a multiple of 3?
True
Is 1320 a factor of 1880808?
False
Is 38 a factor of 62148?
False
Is 5250360 a multiple of 12?
True
Is 67335 a multiple of 67?
True
Does 500 divide 11379500?
True
Is 272 a factor of 1576240?
True
Is 241125 a multiple of 25?
True
Is 19 a factor of 15713?
True
Is 10 a factor of 163757?
False
Is 26 a factor of 370110?
True
Is 3117607 a multiple of 977?
True
Does 204 divide 668100?
True
Does 10 divide 672075?
False
Does 33 divide 66376?
False
Is 117260 a multiple of 52?
True
Does 547 divide 1230418?
False
Is 80145 a multiple of 117?
True
Does 724 divide 2029372?
True
Is 8213945 a multiple of 301?
False
Does 632 divide 28440?
True
Does 8 divide 26171?
False
Is 136242 a multiple of 162?
True
Is 3814390 a multiple of 10?
True
Does 278 divide 626304?
False
Is 124948 a multiple of 69?
False
Does 14 divide 263578?
True
Is 260 a factor of 6119620?
True
Is 19808 a multiple of 339?
False
Is 32907 a multiple of 7?
True
Is 914243 a multiple of 704?
False
Does 6 divide 747586?
False
Does 8 divide 610406?
False
Does 631 divide 3919141?
True
Is 18 a factor of 477781?
False
Is 154310 a multiple of 43?
False
Is 347 a factor of 869057?
False
Does 16 divide 2571?
False
Is 21 a factor of 1097312?
False
Is 297600 a multiple of 12?
True
Is 986624 a multiple of 82?
True
Is 10 a factor of 40963?
False
Is 144 a factor of 64538?
False
Does 23 divide 428917?
False
Is 269582 a multiple of 12?
False
Is 1092843 a multiple of 32?
False
Is 431 a factor of 2461010?
True
Is 182 a factor of 182730?
False
Is 4420 a multiple of 4?
True
Is 1007210 a multiple of 10?
True
Is 27 a factor of 233128?
False
Does 26 divide 950687?
False
Is 145 a factor of 236122?
False
Does 13 divide 630890?
True
Is 13 a factor of 265317?
True
Is 16 a factor of 651242?
False
Does 75 divide 726351?
False
Does 9 divide 2419452?
True
Is 663644 a multiple of 171?
False
Is 675 a factor of 5938533?
False
Does 789 divide 154644?
True
Is 124 a factor of 1839599?
False
Does 168 divide 595034?
False
Is 3533473 a multiple of 12?
False
Is 40 a factor of 1946273?
False
Is 75 a factor of 5362?
False
Is 2112818 a multiple of 24?
False
Is 65 a factor of 1764480?
False
Does 60 divide 105472?
False
Is 275520 a multiple of 246?
True
Is 109 a factor of 54502?
False
Is 27 a factor of 259775?
False
Does 84 divide 127955?
False
Does 5 divide 58238?
False
Is 220669 a multiple of 28?
False
Is 1833865 a multiple of 13?
False
Does 96 divide 659011?
False
Is 300024 a multiple of 108?
True
Is 743693 a multiple of 573?
False
Does 12 divide 301248?
True
Is 3573524 a multiple of 47?
False
Is 408304 a multiple of 13?
True
Is 41 a factor of 2449103?
False
Is 4 a factor of 85561?
False
Is 10 a factor of 4384106?
False
Is 595716 a multiple of 33?
True
Is 58725 a multiple of 5?
True
Is 79 a factor of 583607?
False
Does 42 divide 1529472?
True
Is 448 a factor of 349986?
False
Does 125 divide 2957125?
True
Is 835522 a multiple of 429?
False
Is 8 a factor of 325104?
True
Is 190127 a multiple of 20?
False
Does 91 divide 22498?
False
Is 21 a factor of 37821?
True
Is 20 a factor of 36400?
True
Is 107 a factor of 611762?
False
Does 16 divide 357596?
False
Is 19 a factor of 359328?
True
Does 2 divide 164730?
True
Does 312 divide 702312?
True
Is 4734782 a multiple of 28?
False
Is 5271341 a multiple of 421?
True
Is 4 a factor of 63472?
True
Does 274 divide 8415636?
True
Is 131 a multiple of 3?
False
Is 5 a factor of 14121?
False
Is 134 a factor of 145926?
True
Is 2097721 a multiple of 204?
False
Is 109702 a multipl